 65*k + 446. What is r(72)?
-58
Let y(a) = -5*a + 212. Give y(0).
212
Let f(u) = u**3 - 174*u**2 + 843*u + 27. Give f(5).
17
Let p(h) = -2*h**2 + 53*h - 312. Determine p(17).
11
Let h(n) = n**2 - 353*n - 2157. What is h(-6)?
-3
Let d(n) = n**2 - 5*n - 81. Determine d(-11).
95
Let g(f) = -12*f**2 - 516*f + 100. Give g(-43).
100
Let v(t) = t**3 + 6*t - 7. Determine v(5).
148
Let m(x) = 117*x - 221. What is m(2)?
13
Let w(l) = -8142*l - 1. Give w(0).
-1
Let w(x) = 442*x - 181. What is w(-1)?
-623
Let b(r) = -r**3 + 107*r**2 + 8*r - 796. What is b(107)?
60
Let m(v) = 78*v - 667. Calculate m(5).
-277
Let j(c) = c**3 - 15*c**2 + 2*c - 17. Calculate j(15).
13
Let g(w) = w**3 + 40*w**2 + 84*w + 233. Give g(-38).
-71
Let d(c) = 18*c**2 + 205*c + 113. What is d(-12)?
245
Let c(k) = -2*k**2 + 27*k - 60. Give c(3).
3
Let w(m) = 114*m + 2274. Determine w(-20).
-6
Let s(l) = 20*l**2 + 31*l - 12. Give s(-3).
75
Let l(n) = -7*n**2 - 404*n + 125. Determine l(-58).
9
Let s(k) = k**3 - 2*k**2 - 4*k - 4. Give s(5).
51
Let z(d) = -d**2 - 349*d + 4004. Determine z(11).
44
Let a(h) = -h**3 + 26*h**2 - 163*h - 55. Determine a(16).
-103
Let x(i) = 24*i - 537. Give x(26).
87
Let g(a) = 179*a - 1021. Determine g(5).
-126
Let s(z) = 3*z**3 + 34*z**2 + 80*z - 6. What is s(-3)?
-21
Let x(j) = j**3 - 13*j**2 - 454*j + 5594. Determine x(12).
2
Let a(v) = -v**3 - 7*v**2 - 10*v - 13. What is a(-4)?
-21
Let i(y) = -2*y**2 + 67*y + 178. Determine i(36).
-2
Let m(l) = 86*l - 2672. Calculate m(32).
80
Let n(r) = 201*r - 15648. Determine n(78).
30
Let d(b) = 2*b**2 - 38*b - 187. Calculate d(-4).
-3
Let a(i) = 3*i**3 - 7*i**2 - 9*i - 24. Give a(-3).
-141
Let x(o) = -o**3 + 3*o**2 - 64*o - 155. What is x(-2)?
-7
Let t(c) = -2*c**3 + 21*c**2 - 33*c + 120. What is t(9)?
66
Let r(o) = -66*o**2 + 127*o + 3. Determine r(1).
64
Let u(k) = k**3 - 6*k**2 - 7*k - 14. Calculate u(5).
-74
Let n(g) = -3*g**2 - 221*g - 2095. Calculate n(-62).
75
Let m(n) = -68*n + 603. What is m(7)?
127
Let c(q) = -5*q**2 - 218*q - 1218. Determine c(-37).
3
Let y(t) = -4*t**2 + 75*t + 412. Give y(23).
21
Let u(x) = -x**2 + 90*x - 1844. What is u(58)?
12
Let i(d) = 3*d**3 - 46*d**2 + 35*d - 285. Calculate i(15).
15
Let p(k) = k**2 + 15*k + 52. Determine p(-10).
2
Let l(y) = 52*y**2 - 3*y - 6. Calculate l(-2).
208
Let x(l) = -l**3 - 7*l**2 - 16*l + 9. Give x(-4).
25
Let l(n) = -7*n**2 + 41*n - 56. Give l(5).
-26
Let d(a) = 3*a**3 - 160*a**2 + 52*a + 70. What is d(53)?
17
Let n(p) = -2*p**2 - 151*p - 280. Calculate n(-73).
85
Let u(o) = -93*o**2 + 280*o - 13. Calculate u(3).
-10
Let o(r) = -1497*r - 2983. Calculate o(-2).
11
Let l(u) = -3*u**2 - 13*u + 13. Calculate l(-5).
3
Let q(h) = -h**2 + 51*h - 191. Calculate q(4).
-3
Let o(h) = -h**3 + 2*h**2 + 3*h - 43. Give o(-4).
41
Let q(o) = 12*o - 67. What is q(14)?
101
Let p(w) = -43*w + 176. Give p(3).
47
Let i(q) = -51*q - 784. What is i(-16)?
32
Let c(f) = 2*f**2 - 4*f - 1159. Calculate c(-23).
-9
Let p(q) = 2*q**3 + 47*q**2 + 15*q - 186. Calculate p(-23).
-2
Let u(a) = 2*a**3 + 331*a**2 - 499*a + 328. What is u(-167)?
-6
Let z(h) = 62*h - 2180. What is z(35)?
-10
Let o(y) = 6*y**2 + 16*y. What is o(-2)?
-8
Let u(d) = 57*d**2 - 608*d - 181. Determine u(11).
28
Let v(n) = -798*n - 2635. Determine v(-4).
557
Let i(w) = -77*w**3 - 2*w**2 + 5*w - 4. Calculate i(1).
-78
Let p(a) = -2*a**3 - a**2 + 9*a + 24. Calculate p(-5).
204
Let n(f) = 67*f - 2266. Give n(33).
-55
Let f(n) = 616*n - 72683. Give f(118).
5
Let i(b) = b**2 - 49*b - 11377. Give i(-85).
13
Let p(j) = -164*j + 1148. Calculate p(7).
0
Let g(j) = 2*j**3 - 7*j**2 + 2*j - 1. What is g(3)?
-4
Let t(x) = -44*x**2 + 2688*x - 2874. Calculate t(60).
6
Let j(z) = 28*z**2 - 31*z - 49. Calculate j(2).
1
Let l(m) = -m**3 + 7*m - 4. What is l(0)?
-4
Let t(l) = 5*l**2 - 221*l - 206. Calculate t(45).
-26
Let z(v) = v**3 + 17*v**2 - 53*v - 21. Determine z(-19).
264
Let q(a) = -1016*a + 4034. What is q(4)?
-30
Let g(v) = -5*v**3 + 140*v**2 - 135*v - 59. Determine g(27).
-59
Let x(l) = 4*l**3 - 31*l**2 - 20*l + 251. Give x(7).
-36
Let l(w) = -1856*w - 14800. Give l(-8).
48
Let t(i) = 628*i + 322. Give t(-1).
-306
Let o(w) = w**3 - 7*w**2 + 4*w + 8. What is o(4)?
-24
Let m(h) = -4*h**2 + 12*h + 155. Give m(-7).
-125
Let p(q) = -q**3 - 14*q**2 - 28*q - 902. Determine p(-16).
58
Let y(i) = -i**3 + 10*i**2 - 12*i - 7. Determine y(4).
41
Let k(l) = 418*l + 8364. What is k(-20)?
4
Let k(p) = -8*p + 217. What is k(15)?
97
Let k(w) = -w**2 + 23*w - 35. Give k(8).
85
Let s(v) = -2*v**3 + 145*v**2 - 78*v + 457. What is s(72)?
25
Let n(c) = -c**2 + 113*c + 3626. Give n(-26).
12
Let t(r) = 4*r**2 - 108*r - 56. Determine t(27).
-56
Let h(a) = -a**3 + 17*a**2 + 86*a - 514. What is h(20)?
6
Let n(s) = 16*s**2 - 234*s + 324. Give n(13).
-14
Let w(a) = -3*a**2 + 257*a + 13153. What is w(-36)?
13
Let u(b) = 139*b**2 + 279*b + 6. Calculate u(-2).
4
Let j(z) = 17*z - 144. Determine j(15).
111
Let m(v) = v**3 + 23*v**2 + 1113*v + 23972. Calculate m(-22).
-30
Let l(v) = -v**3 - 18*v**2 + 81*v - 4. What is l(-22)?
150
Let b(k) = 166*k + 1296. Determine b(-8).
-32
Let k(a) = a**3 - 32*a**2 + 61*a - 60. Calculate k(30).
-30
Let j(x) = 136*x - 267. Give j(2).
5
Let d(g) = 2*g**2 + 10*g - 3775. What is d(41)?
-3
Let v(z) = -z**2 + 66*z - 362. What is v(6)?
-2
Let b(d) = 7*d**2 + 113*d + 70. Give b(-15).
-50
Let l(x) = -44*x**2 - 1497*x - 38. Determine l(-34).
-4
Let u(q) = 3*q**3 - 4*q**2 + 11*q + 10. Calculate u(-1).
-8
Let d(o) = 660*o + 98. Determine d(0).
98
Let g(c) = -3*c**3 - 3*c**2 + 66*c - 269. What is g(5)?
-389
Let r(j) = -157*j - 5818. Determine r(-37).
-9
Let x(d) = d**3 + 12*d**2 + 32*d + 33. What is x(-9)?
-12
Let t(x) = 1378*x - 23443. Determine t(17).
-17
Let v(j) = -j**3 - 20*j**2 + 55*j + 185. What is v(-22)?
-57
Let w(c) = 1021*c + 1021. Determine w(-1).
0
Let y(b) = -21934*b - 307079. What is y(-14)?
-3
Let a(f) = 3*f**2 - 11*f + 9. Determine a(3).
3
Let x(d) = 11*d**3 + 326*d**2 - 124*d - 126. Determine x(-30).
-6
Let g(j) = -355*j - 13489. Give g(-38).
1
Let s(r) = 576*r + 1727. Calculate s(-3).
-1
Let l(u) = -u**3 - 4*u**2 + 170*u + 77. What is l(-15)?
2
Let o(t) = 3*t**2 + 58*t + 53. Determine o(-19).
34
Let p(c) = -c**2 - 1805*c - 14342. Calculate p(-8).
34
Let m(c) = c**3 + 11*c**2 + 6*c - 6. What is m(-10)?
34
Let c(o) = -137*o - 127. What is c(-4)?
421
Let k(s) = s**2 + 9*s + 49. Give k(-7).
35
Let m(q) = -17*q - 157. What is m(-12)?
47
Let y(o) = 11*o - 53. What is y(12)?
79
Let f(o) = 20*o + 210. What is f(-4)?
130
Let z(k) = 43*k + 122. Determine z(-7).
-179
Let q(n) = -1236*n**2 - 8656*n - 26. Calculate q(-7).
2
Let o(k) = -71*k + 396. Give o(9).
-243
Let p(g) = -g**2 - 8*g + 17. What is p(0)?
17
Let u(k) = k**3 - 16*k**2 + 24*k + 16. Calculate u(16).
400
Let y(t) = -30*t - 1231. What is y(-43)?
59
Let u(c) = -18*c**3 - 414*c**2 + c + 36. Give u(-23).
13
Let m(j) = 71*j**2 - 96*j - 185. Calculate m(-2).
291
Let l(j) = 55*j - 1201. What is l(27)?
284
Let w(d) = -120*d. Calculate w(0).
0
Let j(l) = 124*l + 1202. Give j(-9).
86
Let x(d) = -d**3 - 32*d**2 + 37*d - 37. Give x(-33).
-169
Let g(y) = -14*y - 116. Calculate g(0).
-116
Let p(s) = 25*s**3 - 6*s**2 + 31*s + 36. What is p(-1)?
-26
Let c(h) = -239*h - 63329. Give c(-265).
6
Let d(t) = -2*t**3 - 21*t**2 + 5*t + 84. Determine d(-10).
-66
Let s(v) = -24122*v + 241210. Give s(10).
-10
Let i(c) = -7*c**3 - 169*c**2 - 33*c - 78. Determine i(-24).
138
Let i(f) = -328*f + 1314. Determine i(4).
2
Let r(g) = -26*g - 604. Give r(-14).
-240
Let d(a) = -a**2 - 766*a + 19787. What is d(25)?
12
Let s(f) = f**3 - 26*f**2 - 43*f - 434. Determine s(28).
-70
Let c(w) = 3*w**3 + 91*w**2 - 69*w - 201. Give c(-31).
16
Let j(d) = -11*d**3 + 5*d**2 - 10*d + 6. What is j(1)?
-10
Let p(x) = -2*x**3 + x**2 + 19*x - 1. What is p(6)?
-283
Let p(y) = 3*y**2 + 12*y + 51. What is p(-3)?
42
Let q(i) = 5*i**2 - 35*i - 67. What is q(11)?
153
Let c(p) = -8614*p - 17235. Give c(-2).
-7
Let h(r) = -r**3 - 28*r**2 + 80*r - 438. What is h(-31)?
-35
Let n(w) = w**3 - 2*w**2 - 78*w + 215. Calculate n(3).
-10
Let o(d) = -d**3 + 18*d**2 - 33*d + 8. Determine o(16).
-8
Let v(t) = -2*t**2 - 79*t - 515. Determine v(-31).
12
Let z(k) = -5*k**2 - 3045*k + 15345. What is z(5)?
-5
Let d(z) = 6*z - 212. Give d(30